t are the prime factors of 2967109972?
2, 741777493
List the prime factors of 861110421.
3, 139, 509, 4057
List the prime factors of 36957761.
233, 158617
What are the prime factors of 7019317977?
3, 7, 47, 7111771
What are the prime factors of 242406188?
2, 60601547
What are the prime factors of 903038939?
11, 2377, 34537
List the prime factors of 3393451.
3393451
List the prime factors of 2032554.
2, 3, 17, 19927
List the prime factors of 4102568047.
4102568047
What are the prime factors of 88866171?
3, 9874019
List the prime factors of 4799005228.
2, 37, 41, 790871
What are the prime factors of 982874203?
23, 701, 60961
List the prime factors of 330250351.
6011, 54941
What are the prime factors of 4223549757?
3, 7, 28731631
What are the prime factors of 72747289?
72747289
List the prime factors of 42273660.
2, 3, 5, 11, 13, 379
What are the prime factors of 51951789?
3, 29, 199049
List the prime factors of 2734145804.
2, 13, 52579727
List the prime factors of 170477158.
2, 19, 149, 30109
What are the prime factors of 34034469?
3, 7, 41, 5647
What are the prime factors of 301806253?
7, 17, 23, 110269
What are the prime factors of 1335881217?
3, 11, 40481249
What are the prime factors of 180347061?
3, 6829, 8803
List the prime factors of 3707358690.
2, 3, 5, 7, 1933, 9133
What are the prime factors of 1326359708?
2, 3389, 97843
List the prime factors of 156415326.
2, 3, 83, 443, 709
List the prime factors of 54989060.
2, 5, 7, 47, 61, 137
What are the prime factors of 310281502?
2, 61, 71, 113, 317
List the prime factors of 382557133.
7, 641, 85259
What are the prime factors of 13583165?
5, 29, 113, 829
What are the prime factors of 1194983089?
41, 29145929
List the prime factors of 1544695951.
41, 71, 530641
List the prime factors of 90246879.
3, 1114159
What are the prime factors of 458686809?
3, 7, 17, 19, 22541
List the prime factors of 1150488336.
2, 3, 23, 1042109
What are the prime factors of 372245002?
2, 186122501
What are the prime factors of 298769885?
5, 23, 89, 29191
What are the prime factors of 151408219?
59, 2566241
What are the prime factors of 652962716?
2, 7, 23320097
What are the prime factors of 83719092?
2, 3, 19, 367189
What are the prime factors of 71718474?
2, 3, 83, 144013
List the prime factors of 146870654.
2, 7, 10490761
List the prime factors of 1076493050.
2, 5, 29, 742409
List the prime factors of 59932726.
2, 7, 19, 233, 967
What are the prime factors of 452005053?
3, 283, 359, 1483
List the prime factors of 489458101.
11, 17, 23, 31, 3671
What are the prime factors of 527965210?
2, 5, 37, 1426933
What are the prime factors of 5924428050?
2, 3, 5, 487, 81101
What are the prime factors of 172481466?
2, 3, 89, 322999
List the prime factors of 101144190.
2, 3, 5, 7, 481639
What are the prime factors of 27258272?
2, 851821
List the prime factors of 140340298.
2, 7, 10024307
List the prime factors of 49885116.
2, 3, 4157093
What are the prime factors of 40600460?
2, 5, 331, 6133
What are the prime factors of 130949725?
5, 17, 308117
What are the prime factors of 771361278?
2, 3, 19, 113, 59879
What are the prime factors of 5850867818?
2, 157, 18633337
List the prime factors of 1631182116.
2, 3, 71, 461, 4153
What are the prime factors of 68041857?
3, 13, 1744663
List the prime factors of 35310651.
3, 877, 13421
List the prime factors of 957563723.
71, 13486813
What are the prime factors of 30300820?
2, 5, 11, 19, 659
What are the prime factors of 2988000897?
3, 7, 37, 59, 65179
What are the prime factors of 621445186?
2, 47, 61, 108379
What are the prime factors of 100742516?
2, 7, 3597947
List the prime factors of 1476249617.
277, 547, 9743
List the prime factors of 497954445.
3, 5, 3517, 9439
List the prime factors of 620620099.
11, 56420009
List the prime factors of 90378137.
17, 233, 22817
What are the prime factors of 99280085?
5, 17, 1168001
List the prime factors of 125870231.
19, 348671
What are the prime factors of 2031843625?
5, 7, 2322107
List the prime factors of 23981984.
2, 13, 57649
List the prime factors of 96878336.
2, 223, 1697
List the prime factors of 4805183.
23, 401, 521
List the prime factors of 4591749409.
13, 353211493
What are the prime factors of 152680161?
3, 4597, 11071
What are the prime factors of 38944620?
2, 3, 5, 11, 13, 17, 89
List the prime factors of 35365646.
2, 17682823
List the prime factors of 755594628.
2, 3, 127, 495797
What are the prime factors of 235314433?
235314433
What are the prime factors of 322649842?
2, 23, 37, 293, 647
What are the prime factors of 82674141?
3, 11, 2505277
List the prime factors of 264886023.
3, 109, 810049
List the prime factors of 3485674477.
21587, 161471
What are the prime factors of 123154922?
2, 11, 19, 294629
List the prime factors of 77956346.
2, 13, 59, 89, 571
List the prime factors of 1181799931.
13, 17, 411347
What are the prime factors of 1116263112?
2, 3, 17, 359, 7621
List the prime factors of 867659352.
2, 3, 7, 29, 178091
What are the prime factors of 172795841?
3191, 54151
What are the prime factors of 247936592?
2, 15496037
List the prime factors of 76333574.
2, 38166787
What are the prime factors of 61584066?
2, 3, 1601, 2137
What are the prime factors of 177621683?
59, 3010537
List the prime factors of 567852680.
2, 5, 14196317
What are the prime factors of 254129844?
2, 3, 21177487
List the prime factors of 65745190.
2, 5, 7, 61, 89, 173
What are the prime factors of 900969777?
3, 23, 157, 9241
List the prime factors of 11102240.
2, 5, 69389
What are the prime factors of 3297782163?
3, 13, 1061, 79697
List the prime factors of 265933694.
2, 13, 10228219
List the prime factors of 5430721732.
2, 31, 43796143
List the prime factors of 33430328.
2, 4178791
What are the prime factors of 57548107?
57548107
List the prime factors of 73383585.
3, 5, 11, 43, 10343
What are the prime factors of 86951180?
2, 5, 4347559
List the prime factors of 105785486.
2, 52892743
List the prime factors of 2098004048.
2, 7, 47, 398557
What are the prime factors of 5256120469?
17, 251, 1231807
List the prime factors of 3482643723.
3, 13, 89298557
What are the prime factors of 48035965?
5, 17, 593, 953
What are the prime factors of 303326046?
2, 3, 131, 14293
What are the prime factors of 6194143597?
353, 2999, 5851
List the prime factors of 4423537808.
2, 31, 89, 100207
List the prime factors of 824801837.
19, 877, 49499
What are the prime factors of 30751105?
5, 7, 11, 79873
What are the prime factors of 116517516?
2, 3, 1831, 5303
List the prime factors of 233968250.
2, 5, 769, 1217
What are the prime factors of 40420296?
2, 3, 7, 19, 67
What are the prime factors of 6673310?
2, 5, 7, 13619
List the prime factors of 1525486435.
5, 11, 5107, 5431
What are the prime factors of 1137657297?
3, 7, 54174157
What are the prime factors of 2901259?
31, 3019
List the prime factors of 3411065971.
41, 1567, 53093
List the prime factors of 47579386.
2, 23789693
List the prime factors of 23539410.
2, 3, 5, 3229
List the prime factors of 416917096.
2, 52114637
List the prime factors of 2069019273.
3, 689673091
List the prime factors of 14274401.
59, 241939
List the prime factors of 552108801.
3, 79, 131, 17783
List the prime factors of 54735678.
2, 3, 83, 36637
What are the prime factors of 477070022?
2, 11, 13, 47, 35491
List the prime factors of 132457780.
2, 5, 7, 13, 37, 281
What are the prime factors of 8188950886?
2, 31, 132079853
What are the prime factors of 4267850532?
2, 3, 11, 2939291
What are the prime factors of 36126196?
2, 107, 84407
List the prime factors of 28637266.
2, 7, 107, 2731
List the prime factors of 1559808148.
2, 179, 1031, 2113
What are the prime factors of 6598518233?
6598518233
What are the prime factors of 369339439?
7, 37, 41, 34781
List the prime factors of 24210644.
2, 109, 55529
List the prime factors of 194860.
2, 5, 9743
What are the prime factors of 295651682?
2, 37, 127, 163, 193
List the prime factors of 476584505.
5, 19, 5016679
What are the prime factors of 36947840?
2, 5, 57731
What are the prime factors of 238513911?
3, 263, 302299
What are the prime factors of 4541276910?
2, 3, 5, 53, 2856149
What are the prime factors of 308318198?
2, 29, 79, 67289
What are the prime factors of 40321478?
2, 20160739
What are the